{"id":29,"date":"2025-07-24T16:57:02","date_gmt":"2025-07-24T13:57:02","guid":{"rendered":"http:\/\/localhost\/db60\/wordpress\/?page_id=29"},"modified":"2025-09-11T16:36:20","modified_gmt":"2025-09-11T13:36:20","slug":"info","status":"publish","type":"page","link":"https:\/\/wsoy-kirjallisuussaatio.fi\/taidekokoelma\/info\/","title":{"rendered":"Info"},"content":{"rendered":"\n<h2 class=\"wp-block-heading\">Taideteoslainat<\/h2>\n\n\n\n<p>WSOY:n kirjallisuuss\u00e4\u00e4ti\u00f6 on iloinen kasvavasta kiinnostuksesta sen taidekokoelmaa kohtaan.<\/p>\n\n\n\n<p>WSOY:n kirjallisuuss\u00e4\u00e4ti\u00f6 lainaa kokoelmansa taideteoksia n\u00e4yttelyihin museoille, seuroille ja yhdistyksille.&nbsp;Lainauspyynn\u00f6t ja tiedustelut&nbsp;pyydet\u00e4\u00e4n osoittamaan s\u00e4\u00e4ti\u00f6n asiamies Annaliina Rintalalle, annaliina.rintala@wsoy-kirjallisuussaatio.fi,&nbsp;puh. +359 40 156 1956.<\/p>\n\n\n\n<h2 class=\"wp-block-heading\"><br>Teoskuvat ja tekij\u00e4noikeudet<\/h2>\n\n\n\n<p>Kokoelman teokset on valokuvattu. Kuvalainoja annetaan l\u00e4hinn\u00e4 julkaisu- ja tutkimusk\u00e4ytt\u00f6\u00f6n. Asiasta kiinnostuneet voivat ottaa yhteytt\u00e4 s\u00e4\u00e4ti\u00f6n asiamieheen.<\/p>\n\n\n\n<p>WSOY:n kirjallisuuss\u00e4\u00e4ti\u00f6n taidekokoelman taideteokset ovat tekij\u00e4noikeuslain mukaan suojattuja. Suoja-ajan pituus on 70 vuotta taiteilijan kuolemasta. Teoksen k\u00e4ytt\u00e4minen suoja-ajan aikana edellytt\u00e4\u00e4 taiteilijan tai h\u00e4nen oikeuden omistajansa antamaa k\u00e4ytt\u00f6lupaa.<\/p>\n\n\n\n<p>Alkuper\u00e4isteosten tekij\u00e4noikeudet: Taiteilijat, Kuvasto ry, tekij\u00e4noikeuden haltijat. Taideteosten valokuvien k\u00e4ytt\u00f6oikeudet: WSOY:n kirjallisuuss\u00e4\u00e4ti\u00f6, tekij\u00e4noikeudet valokuvaaja Katri Lehtola (katri@katrlehtola.com).<\/p>\n\n\n\n<p>Kuvalainan saaja huolehtii tekij\u00e4noikeuskorvauksista tekem\u00e4ll\u00e4 k\u00e4ytt\u00f6lupasopimuksen Kuvasto ry:n kanssa.<\/p>\n\n\n\n<h2 class=\"wp-block-heading\"><br>Kokoelman kartuttaminen<\/h2>\n\n\n\n<p>Taidekokoelmaa kartutetaan l\u00e4hinn\u00e4 tilausmuotokuvin. Uusin tilausmuotokuva on taiteilija Sirpa S\u00e4rkij\u00e4rven taiteilijamuotokuva kirjailija Anja Snellmanista, joka julkistettiin syksyll\u00e4 2016.<\/p>\n\n\n\n<h2 class=\"wp-block-heading\"><br>Opastukset<\/h2>\n\n\n\n<p>S\u00e4\u00e4ti\u00f6 j\u00e4rjest\u00e4\u00e4 tilauksesta opastuksia s\u00e4\u00e4ti\u00f6n ja kustannustalon sidosryhmille sek\u00e4 mahdollisuuksien mukaan my\u00f6s yleis\u00f6lle. Tiedustelut s\u00e4\u00e4ti\u00f6n asiamiehelle.<\/p>\n\n\n\n<h2 class=\"wp-block-heading\"><br>Tietoa sivustosta<\/h2>\n\n\n\n<p>Kuvat: Katri Lehtola (taideteoskuvat) ja WSOY:n kuva-arkisto<br>Visuaalinen ilme: Anne Kaikkonen \/ Timangi<br>Tekninen toteutus: Olli Holopainen \/ Slap Media<\/p>\n","protected":false},"excerpt":{"rendered":"<p>Taideteoslainat WSOY:n kirjallisuuss\u00e4\u00e4ti\u00f6 on iloinen kasvavasta kiinnostuksesta sen taidekokoelmaa kohtaan. WSOY:n kirjallisuuss\u00e4\u00e4ti\u00f6 lainaa kokoelmansa taideteoksia n\u00e4yttelyihin museoille, seuroille ja yhdistyksille.&nbsp;Lainauspyynn\u00f6t ja tiedustelut&nbsp;pyydet\u00e4\u00e4n osoittamaan s\u00e4\u00e4ti\u00f6n asiamies Annaliina Rintalalle, annaliina.rintala@wsoy-kirjallisuussaatio.fi,&nbsp;puh. +359 40 156 1956. Teoskuvat ja tekij\u00e4noikeudet Kokoelman teokset on valokuvattu. Kuvalainoja annetaan l\u00e4hinn\u00e4 julkaisu- ja tutkimusk\u00e4ytt\u00f6\u00f6n. Asiasta kiinnostuneet voivat ottaa yhteytt\u00e4 s\u00e4\u00e4ti\u00f6n asiamieheen. WSOY:n kirjallisuuss\u00e4\u00e4ti\u00f6n taidekokoelman [&#8230;]<\/p>\n<p><a class=\"btn btn-secondary understrap-read-more-link\" href=\"https:\/\/wsoy-kirjallisuussaatio.fi\/taidekokoelma\/info\/\">Lue lis\u00e4\u00e4&#8230;<span class=\"screen-reader-text\"> from Info<\/span><\/a><\/p>\n","protected":false},"author":1,"featured_media":0,"parent":0,"menu_order":0,"comment_status":"closed","ping_status":"closed","template":"page-templates\/perussivu.php","meta":{"footnotes":""},"class_list":["post-29","page","type-page","status-publish","hentry"],"_links":{"self":[{"href":"https:\/\/wsoy-kirjallisuussaatio.fi\/taidekokoelma\/wp-json\/wp\/v2\/pages\/29","targetHints":{"allow":["GET"]}}],"collection":[{"href":"https:\/\/wsoy-kirjallisuussaatio.fi\/taidekokoelma\/wp-json\/wp\/v2\/pages"}],"about":[{"href":"https:\/\/wsoy-kirjallisuussaatio.fi\/taidekokoelma\/wp-json\/wp\/v2\/types\/page"}],"author":[{"embeddable":true,"href":"https:\/\/wsoy-kirjallisuussaatio.fi\/taidekokoelma\/wp-json\/wp\/v2\/users\/1"}],"replies":[{"embeddable":true,"href":"https:\/\/wsoy-kirjallisuussaatio.fi\/taidekokoelma\/wp-json\/wp\/v2\/comments?post=29"}],"version-history":[{"count":2,"href":"https:\/\/wsoy-kirjallisuussaatio.fi\/taidekokoelma\/wp-json\/wp\/v2\/pages\/29\/revisions"}],"predecessor-version":[{"id":1146,"href":"https:\/\/wsoy-kirjallisuussaatio.fi\/taidekokoelma\/wp-json\/wp\/v2\/pages\/29\/revisions\/1146"}],"wp:attachment":[{"href":"https:\/\/wsoy-kirjallisuussaatio.fi\/taidekokoelma\/wp-json\/wp\/v2\/media?parent=29"}],"curies":[{"name":"wp","href":"https:\/\/api.w.org\/{rel}","templated":true}]}}

<h2 class="wp-block-heading">Taideteoslainat</h2>



<p>WSOY:n kirjallisuussäätiö on iloinen kasvavasta kiinnostuksesta sen taidekokoelmaa kohtaan.</p>



<p>WSOY:n kirjallisuussäätiö lainaa kokoelmansa taideteoksia näyttelyihin museoille, seuroille ja yhdistyksille.&nbsp;Lainauspyynnöt ja tiedustelut&nbsp;pyydetään osoittamaan säätiön asiamies Annaliina Rintalalle, annaliina.rintala@wsoy-kirjallisuussaatio.fi,&nbsp;puh. +359 40 156 1956.</p>



<h2 class="wp-block-heading"><br>Teoskuvat ja tekijänoikeudet</h2>



<p>Kokoelman teokset on valokuvattu. Kuvalainoja annetaan lähinnä julkaisu- ja tutkimuskäyttöön. Asiasta kiinnostuneet voivat ottaa yhteyttä säätiön asiamieheen.</p>



<p>WSOY:n kirjallisuussäätiön taidekokoelman taideteokset ovat tekijänoikeuslain mukaan suojattuja. Suoja-ajan pituus on 70 vuotta taiteilijan kuolemasta. Teoksen käyttäminen suoja-ajan aikana edellyttää taiteilijan tai hänen oikeuden omistajansa antamaa käyttölupaa.</p>



<p>Alkuperäisteosten tekijänoikeudet: Taiteilijat, Kuvasto ry, tekijänoikeuden haltijat. Taideteosten valokuvien käyttöoikeudet: WSOY:n kirjallisuussäätiö, tekijänoikeudet valokuvaaja Katri Lehtola (katri@katrlehtola.com).</p>



<p>Kuvalainan saaja huolehtii tekijänoikeuskorvauksista tekemällä käyttölupasopimuksen Kuvasto ry:n kanssa.</p>



<h2 class="wp-block-heading"><br>Kokoelman kartuttaminen</h2>



<p>Taidekokoelmaa kartutetaan lähinnä tilausmuotokuvin. Uusin tilausmuotokuva on taiteilija Sirpa Särkijärven taiteilijamuotokuva kirjailija Anja Snellmanista, joka julkistettiin syksyllä 2016.</p>



<h2 class="wp-block-heading"><br>Opastukset</h2>



<p>Säätiö järjestää tilauksesta opastuksia säätiön ja kustannustalon sidosryhmille sekä mahdollisuuksien mukaan myös yleisölle. Tiedustelut säätiön asiamiehelle.</p>



<h2 class="wp-block-heading"><br>Tietoa sivustosta</h2>



<p>Kuvat: Katri Lehtola (taideteoskuvat) ja WSOY:n kuva-arkisto<br>Visuaalinen ilme: Anne Kaikkonen / Timangi<br>Tekninen toteutus: Olli Holopainen / Slap Media</p>

<p>Taideteoslainat WSOY:n kirjallisuussäätiö on iloinen kasvavasta kiinnostuksesta sen taidekokoelmaa kohtaan. WSOY:n kirjallisuussäätiö lainaa kokoelmansa taideteoksia näyttelyihin museoille, seuroille ja yhdistyksille.&nbsp;Lainauspyynnöt ja tiedustelut&nbsp;pyydetään osoittamaan säätiön asiamies Annaliina Rintalalle, annaliina.rintala@wsoy-kirjallisuussaatio.fi,&nbsp;puh. +359 40 156 1956. Teoskuvat ja tekijänoikeudet Kokoelman teokset on valokuvattu. Kuvalainoja annetaan lähinnä julkaisu- ja tutkimuskäyttöön. Asiasta kiinnostuneet voivat ottaa yhteyttä säätiön asiamieheen. WSOY:n kirjallisuussäätiön taidekokoelman [&#8230;]</p>
<p><a class="btn btn-secondary understrap-read-more-link" href="https://wsoy-kirjallisuussaatio.fi/taidekokoelma/info/">Lue lisää&#8230;<span class="screen-reader-text"> from Info</span></a></p>
