{"id":81,"date":"2025-09-04T22:50:44","date_gmt":"2025-09-04T19:50:44","guid":{"rendered":"http:\/\/localhost\/koodisivustot\/wsoy-kirjallisuussaatio\/taidewp\/index.php\/kirja\/"},"modified":"2025-09-05T13:24:59","modified_gmt":"2025-09-05T10:24:59","slug":"kirja","status":"publish","type":"page","link":"https:\/\/wsoy-kirjallisuussaatio.fi\/taidekokoelma\/teokset\/kirja\/","title":{"rendered":"Kirja"},"content":{"rendered":"<p><a href=\"https:\/\/vimeo.com\/629037162\">Katso video kirjasta.<\/a><\/p>\n<p>WSOY:n kirjallisuuss\u00e4\u00e4ti\u00f6n taidekokoelmasta on kirjoitettu <em>Kirjailija kuvassa<\/em> -teos. Se on laajalle yleis\u00f6lle tarkoitettu yleistajuinen teos, joka esittelee kokoelman teoksia. Kirjallisuuss\u00e4\u00e4ti\u00f6n taidekokoelmaan kuuluu yli 930 taideteosta ja esinett\u00e4, jotka kertovat tarinan Werner S\u00f6derstr\u00f6m Osakeyhti\u00f6st\u00e4 kirjallisuuden ja kuvataiteen arvostajana. Kokoelmassa on muotokuvia kirjailijoista, kustantamon johtajista ja ty\u00f6ntekij\u00f6ist\u00e4 sek\u00e4 kuvitusgrafiikkaa, veistoksia ja mitaleja.<\/p>\n<p>\u2013 WSOY:n kirjallisuuss\u00e4\u00e4ti\u00f6lt\u00e4 on usein kysytty, eik\u00f6 sen omistamasta taiteesta ole tehty kirjaa. Kysymys on perusteltu: onhan kyse er\u00e4\u00e4n maamme vanhimman ja merkitt\u00e4vimm\u00e4n kustantamon kokoelmasta. T\u00e4m\u00e4 kirja on vastaus n\u00e4ihin toiveisiin, kertoo WSOY:n kirjallisuuss\u00e4\u00e4ti\u00f6n asiamies <strong>Annaliina Rintala<\/strong>.<\/p>\n<p>Kirja on kunnianhimoinen teos, joka nostaa esiin niin tunnettuja kuin suuren yleis\u00f6n huomiota v\u00e4ist\u00e4vi\u00e4 taiteilijoita. Kirjoittajina ovat eturivin taiteentutkijat <strong>Maija Koskinen, Erkki Anttonen, Derek Fewster, Timo Huusko, Ville H\u00e4nninen, Outi J\u00e4rvinen, Tarja Kek\u00e4l\u00e4inen<\/strong> ja <strong>Anu Utriainen<\/strong>. Tuloksena on syntynyt uutta tietoa my\u00f6s sellaisista taiteilijoista, joita ei ole aikaisemmin tutkittu.<\/p>\n<p>Kirjailijat <strong>Hannu Raittila, Anja Snellman<\/strong> ja <strong>Jari Tervo<\/strong> ovat kirjoittaneet kirjaan muotokuvan kohteena olemisestaan ja <strong>Rosa Liksom<\/strong> ja <strong>Hanna Weselius<\/strong> tekij\u00e4n n\u00e4k\u00f6kulmasta. Lis\u00e4ksi WSOY:n kirjallisuuss\u00e4\u00e4ti\u00f6n hallituksen puheenjohtaja FT <strong>Kai H\u00e4ggman<\/strong> on kirjoittanut kirjaan WSOY:n kirjallisuuss\u00e4\u00e4ti\u00f6n perustamisesta ja my\u00f6hemmist\u00e4 vaiheista ja FT <strong>Hanne Selkokari <\/strong>johtaja <strong>Yrj\u00f6 A. J\u00e4ntist\u00e4<\/strong> taiteen ker\u00e4ilij\u00e4n\u00e4.<\/p>\n<p>WSOY aloitti taidekokoelmansa hankkimalla Porvoon kirjatalon seinille l\u00e4hinn\u00e4 johtajiensa muotokuvia. Aluksi keskityttiin maalauksiin, mutta 1920-luvulta l\u00e4htien aloitettiin kirjailijamuotokuvien tilaaminen my\u00f6s kuvanveist\u00e4jilt\u00e4. Systemaattinen taidehankinta alkoi 1940-luvulla jatkosodan aikana kertyneen taloudellisen vaurauden my\u00f6t\u00e4. Vuosikymmeness\u00e4 kokoelma karttui yli sadalla muotokuvatilauksella. Kokoelman vanhimmat teokset ajoittuvat 1800-luvun loppupuolelle, mutta muuten se painottuu selv\u00e4sti 1900-luvun taiteeseen. P\u00e4\u00e4asiallisena hankintojen ideoijana toimi pitk\u00e4\u00e4n WSOY:n johtaja <strong>Yrj\u00f6 A. J\u00e4ntti<\/strong>. WSOY:n taideteokset, etenkin muotokuvat tilattiin tai ostettiin suoraan taiteilijoilta.<\/p>\n<p>WSOY lahjoitti taidekokoelmansa s\u00e4\u00e4ti\u00f6lle vuonna 2008. Kirjan julkaisee WSOY.<\/p>\n<p>Kirjaa voi ostaa 16.9. alkaen <a href=\"https:\/\/www.wernerjarl.fi\/\">Werner &amp; Jarl<\/a> -kirjakaupasta<\/p>\n<p><strong>Lis\u00e4tietoja ja tiedustelut kirjasta<\/strong><br \/>Annaliina Rintala<br \/>WSOY:n kirjallisuuss\u00e4\u00e4ti\u00f6n asiamies<br \/>annaliina.rintala@wsoy-kirjallisuussaatio.fi<br \/>+358 40 156 1956<\/p>\n<div>\n<p><strong>Arvostelukappaleet:<\/strong>tiedotus@wsoy.fi<\/p>\n<p><strong>Kirjan tiedot<\/strong><br \/>Kustantaja: WSOY<br \/>Toimittanut: Paula Arvas<br \/>Julkaisu: Syyskuu 2021 (Kovakantinen kirja)<br \/>Sivum\u00e4\u00e4r\u00e4: 304 s. (Kovakantinen kirja)<br \/>Kategoria: Kotimainen asiaproosa, Taide ja muotoilu<br \/>Kirjastoluokka: 70.92<br \/>EAN: 9789510478141 (Kovakantinen kirja)<\/div>\n<p><img loading=\"lazy\" decoding=\"async\" src=\"http:\/\/www.wsoy-kirjallisuussaatio.fi\/taidekokoelma\/uploadkuvat\/Kirjailija_kuvassa_kansi.jpg\" alt=\"\" width=\"300\" height=\"389\"><\/p>\n","protected":false},"excerpt":{"rendered":"<p>Katso video kirjasta. WSOY:n kirjallisuuss\u00e4\u00e4ti\u00f6n taidekokoelmasta on kirjoitettu Kirjailija kuvassa -teos. Se on laajalle yleis\u00f6lle tarkoitettu yleistajuinen teos, joka esittelee kokoelman teoksia. Kirjallisuuss\u00e4\u00e4ti\u00f6n taidekokoelmaan kuuluu yli 930 taideteosta ja esinett\u00e4, jotka kertovat tarinan Werner S\u00f6derstr\u00f6m Osakeyhti\u00f6st\u00e4 kirjallisuuden ja kuvataiteen arvostajana. Kokoelmassa on muotokuvia kirjailijoista, kustantamon johtajista ja ty\u00f6ntekij\u00f6ist\u00e4 sek\u00e4 kuvitusgrafiikkaa, veistoksia ja mitaleja. \u2013 WSOY:n [&#8230;]<\/p>\n<p><a class=\"btn btn-secondary understrap-read-more-link\" href=\"https:\/\/wsoy-kirjallisuussaatio.fi\/taidekokoelma\/teokset\/kirja\/\">Lue lis\u00e4\u00e4&#8230;<span class=\"screen-reader-text\"> from Kirja<\/span><\/a><\/p>\n","protected":false},"author":1,"featured_media":0,"parent":25,"menu_order":0,"comment_status":"open","ping_status":"open","template":"page-templates\/teokset.php","meta":{"footnotes":""},"class_list":["post-81","page","type-page","status-publish","hentry"],"_links":{"self":[{"href":"https:\/\/wsoy-kirjallisuussaatio.fi\/taidekokoelma\/wp-json\/wp\/v2\/pages\/81","targetHints":{"allow":["GET"]}}],"collection":[{"href":"https:\/\/wsoy-kirjallisuussaatio.fi\/taidekokoelma\/wp-json\/wp\/v2\/pages"}],"about":[{"href":"https:\/\/wsoy-kirjallisuussaatio.fi\/taidekokoelma\/wp-json\/wp\/v2\/types\/page"}],"author":[{"embeddable":true,"href":"https:\/\/wsoy-kirjallisuussaatio.fi\/taidekokoelma\/wp-json\/wp\/v2\/users\/1"}],"replies":[{"embeddable":true,"href":"https:\/\/wsoy-kirjallisuussaatio.fi\/taidekokoelma\/wp-json\/wp\/v2\/comments?post=81"}],"version-history":[{"count":1,"href":"https:\/\/wsoy-kirjallisuussaatio.fi\/taidekokoelma\/wp-json\/wp\/v2\/pages\/81\/revisions"}],"predecessor-version":[{"id":256,"href":"https:\/\/wsoy-kirjallisuussaatio.fi\/taidekokoelma\/wp-json\/wp\/v2\/pages\/81\/revisions\/256"}],"up":[{"embeddable":true,"href":"https:\/\/wsoy-kirjallisuussaatio.fi\/taidekokoelma\/wp-json\/wp\/v2\/pages\/25"}],"wp:attachment":[{"href":"https:\/\/wsoy-kirjallisuussaatio.fi\/taidekokoelma\/wp-json\/wp\/v2\/media?parent=81"}],"curies":[{"name":"wp","href":"https:\/\/api.w.org\/{rel}","templated":true}]}}

<p><a href="https://vimeo.com/629037162">Katso video kirjasta.</a></p>
<p>WSOY:n kirjallisuussäätiön taidekokoelmasta on kirjoitettu <em>Kirjailija kuvassa</em> -teos. Se on laajalle yleisölle tarkoitettu yleistajuinen teos, joka esittelee kokoelman teoksia. Kirjallisuussäätiön taidekokoelmaan kuuluu yli 930 taideteosta ja esinettä, jotka kertovat tarinan Werner Söderström Osakeyhtiöstä kirjallisuuden ja kuvataiteen arvostajana. Kokoelmassa on muotokuvia kirjailijoista, kustantamon johtajista ja työntekijöistä sekä kuvitusgrafiikkaa, veistoksia ja mitaleja.</p>
<p>– WSOY:n kirjallisuussäätiöltä on usein kysytty, eikö sen omistamasta taiteesta ole tehty kirjaa. Kysymys on perusteltu: onhan kyse erään maamme vanhimman ja merkittävimmän kustantamon kokoelmasta. Tämä kirja on vastaus näihin toiveisiin, kertoo WSOY:n kirjallisuussäätiön asiamies <strong>Annaliina Rintala</strong>.</p>
<p>Kirja on kunnianhimoinen teos, joka nostaa esiin niin tunnettuja kuin suuren yleisön huomiota väistäviä taiteilijoita. Kirjoittajina ovat eturivin taiteentutkijat <strong>Maija Koskinen, Erkki Anttonen, Derek Fewster, Timo Huusko, Ville Hänninen, Outi Järvinen, Tarja Kekäläinen</strong> ja <strong>Anu Utriainen</strong>. Tuloksena on syntynyt uutta tietoa myös sellaisista taiteilijoista, joita ei ole aikaisemmin tutkittu.</p>
<p>Kirjailijat <strong>Hannu Raittila, Anja Snellman</strong> ja <strong>Jari Tervo</strong> ovat kirjoittaneet kirjaan muotokuvan kohteena olemisestaan ja <strong>Rosa Liksom</strong> ja <strong>Hanna Weselius</strong> tekijän näkökulmasta. Lisäksi WSOY:n kirjallisuussäätiön hallituksen puheenjohtaja FT <strong>Kai Häggman</strong> on kirjoittanut kirjaan WSOY:n kirjallisuussäätiön perustamisesta ja myöhemmistä vaiheista ja FT <strong>Hanne Selkokari </strong>johtaja <strong>Yrjö A. Jäntistä</strong> taiteen keräilijänä.</p>
<p>WSOY aloitti taidekokoelmansa hankkimalla Porvoon kirjatalon seinille lähinnä johtajiensa muotokuvia. Aluksi keskityttiin maalauksiin, mutta 1920-luvulta lähtien aloitettiin kirjailijamuotokuvien tilaaminen myös kuvanveistäjiltä. Systemaattinen taidehankinta alkoi 1940-luvulla jatkosodan aikana kertyneen taloudellisen vaurauden myötä. Vuosikymmenessä kokoelma karttui yli sadalla muotokuvatilauksella. Kokoelman vanhimmat teokset ajoittuvat 1800-luvun loppupuolelle, mutta muuten se painottuu selvästi 1900-luvun taiteeseen. Pääasiallisena hankintojen ideoijana toimi pitkään WSOY:n johtaja <strong>Yrjö A. Jäntti</strong>. WSOY:n taideteokset, etenkin muotokuvat tilattiin tai ostettiin suoraan taiteilijoilta.</p>
<p>WSOY lahjoitti taidekokoelmansa säätiölle vuonna 2008. Kirjan julkaisee WSOY.</p>
<p>Kirjaa voi ostaa 16.9. alkaen <a href="https://www.wernerjarl.fi/">Werner &amp; Jarl</a> -kirjakaupasta</p>
<p><strong>Lisätietoja ja tiedustelut kirjasta</strong><br />Annaliina Rintala<br />WSOY:n kirjallisuussäätiön asiamies<br />annaliina.rintala@wsoy-kirjallisuussaatio.fi<br />+358 40 156 1956</p>
<div>
<p><strong>Arvostelukappaleet:</strong>tiedotus@wsoy.fi</p>
<p><strong>Kirjan tiedot</strong><br />Kustantaja: WSOY<br />Toimittanut: Paula Arvas<br />Julkaisu: Syyskuu 2021 (Kovakantinen kirja)<br />Sivumäärä: 304 s. (Kovakantinen kirja)<br />Kategoria: Kotimainen asiaproosa, Taide ja muotoilu<br />Kirjastoluokka: 70.92<br />EAN: 9789510478141 (Kovakantinen kirja)</div>
<p><img loading="lazy" decoding="async" src="http://www.wsoy-kirjallisuussaatio.fi/taidekokoelma/uploadkuvat/Kirjailija_kuvassa_kansi.jpg" alt="" width="300" height="389"></p>

<p>Katso video kirjasta. WSOY:n kirjallisuussäätiön taidekokoelmasta on kirjoitettu Kirjailija kuvassa -teos. Se on laajalle yleisölle tarkoitettu yleistajuinen teos, joka esittelee kokoelman teoksia. Kirjallisuussäätiön taidekokoelmaan kuuluu yli 930 taideteosta ja esinettä, jotka kertovat tarinan Werner Söderström Osakeyhtiöstä kirjallisuuden ja kuvataiteen arvostajana. Kokoelmassa on muotokuvia kirjailijoista, kustantamon johtajista ja työntekijöistä sekä kuvitusgrafiikkaa, veistoksia ja mitaleja. – WSOY:n [&#8230;]</p>
<p><a class="btn btn-secondary understrap-read-more-link" href="https://wsoy-kirjallisuussaatio.fi/taidekokoelma/teokset/kirja/">Lue lisää&#8230;<span class="screen-reader-text"> from Kirja</span></a></p>
